{"id":79,"date":"2025-04-13T15:41:19","date_gmt":"2025-04-13T15:41:19","guid":{"rendered":"https:\/\/ciscenje-mary.hr\/?page_id=79"},"modified":"2025-04-13T15:41:19","modified_gmt":"2025-04-13T15:41:19","slug":"dubinsko-ciscenje","status":"publish","type":"page","link":"https:\/\/ciscenje-mary.hr\/?page_id=79","title":{"rendered":"DUBINSKO \u010cI\u0160\u0106ENJE"},"content":{"rendered":"\n<ul class=\"wp-block-list\">\n<li>STOLICA<\/li>\n\n\n\n<li>TABURE<\/li>\n\n\n\n<li>FOTELJA<\/li>\n\n\n\n<li>DVOSJED<\/li>\n\n\n\n<li>TROSJED<\/li>\n\n\n\n<li>KUTNA GARNITURA<\/li>\n\n\n\n<li>IZVU\u010cENI LE\u017dAJ KUTNE GARNITURE, DVOSJEDA ILI TROSJEDA<\/li>\n\n\n\n<li>JASTUK KUTNE GARNITURE, DVOSJEDA ILI TROSJEDA<\/li>\n\n\n\n<li>MADRACI<\/li>\n\n\n\n<li>TEPISI I TAPISONI<\/li>\n\n\n\n<li>SEPARE<\/li>\n<\/ul>\n","protected":false},"excerpt":{"rendered":"","protected":false},"author":1,"featured_media":0,"parent":14,"menu_order":0,"comment_status":"closed","ping_status":"closed","template":"","meta":{"footnotes":""},"class_list":["post-79","page","type-page","status-publish","hentry"],"_links":{"self":[{"href":"https:\/\/ciscenje-mary.hr\/index.php?rest_route=\/wp\/v2\/pages\/79","targetHints":{"allow":["GET"]}}],"collection":[{"href":"https:\/\/ciscenje-mary.hr\/index.php?rest_route=\/wp\/v2\/pages"}],"about":[{"href":"https:\/\/ciscenje-mary.hr\/index.php?rest_route=\/wp\/v2\/types\/page"}],"author":[{"embeddable":true,"href":"https:\/\/ciscenje-mary.hr\/index.php?rest_route=\/wp\/v2\/users\/1"}],"replies":[{"embeddable":true,"href":"https:\/\/ciscenje-mary.hr\/index.php?rest_route=%2Fwp%2Fv2%2Fcomments&post=79"}],"version-history":[{"count":1,"href":"https:\/\/ciscenje-mary.hr\/index.php?rest_route=\/wp\/v2\/pages\/79\/revisions"}],"predecessor-version":[{"id":80,"href":"https:\/\/ciscenje-mary.hr\/index.php?rest_route=\/wp\/v2\/pages\/79\/revisions\/80"}],"up":[{"embeddable":true,"href":"https:\/\/ciscenje-mary.hr\/index.php?rest_route=\/wp\/v2\/pages\/14"}],"wp:attachment":[{"href":"https:\/\/ciscenje-mary.hr\/index.php?rest_route=%2Fwp%2Fv2%2Fmedia&parent=79"}],"curies":[{"name":"wp","href":"https:\/\/api.w.org\/{rel}","templated":true}]}}